ctor of z and 15.
3
Let p be 5 + (0/1)/2. Let d = 35 - p. Let v = -353 - -398. Calculate the greatest common factor of v and d.
15
Let d(q) = q**3 - 19*q**2 + 18*q + 3. Let b be d(18). Suppose 101 = b*u + 2*o, 2*o + 32 = u + o. Calculate the highest common factor of 11 and u.
11
Let z(p) = 2*p**2 - 11*p - 20. Let i be z(7). Calculate the highest common divisor of i and 2.
1
Let c(m) = -3*m**3 - 3*m**2 - 2*m - 2. Let l = -4 - 8. Let q be (l/15)/(2/5). Let i be c(q). What is the greatest common divisor of i and 14?
14
Let t = -2593 - -2717. Let o be (-157)/(-5) - 6/15. What is the greatest common divisor of o and t?
31
Suppose -8*m + 736 = 15*m. Calculate the highest common divisor of m and 64.
32
Suppose 705 = -5*i + 3*x, -4*i - x - 89 = 458. Let h = -133 - i. Calculate the highest common factor of 5 and h.
5
Let h(f) = 22*f - 5. Let a be h(5). Let l be (279/(-186))/(2/(-28)). What is the greatest common divisor of a and l?
21
Suppose 3*v = 2*v - 2*d + 44, 0 = 4*v + 3*d - 166. Let s be (1/(-1))/((-6)/60). Calculate the greatest common factor of s and v.
10
Let h be (-4)/10 + 135/25. Suppose -44 - 46 = -h*q. Calculate the greatest common factor of 6 and q.
6
Let l be 24/(-132) + 92/22. Let b be 2/l + (-268)/(-8). Let j be (b - 1) + 0/(-6). What is the greatest common divisor of j and 297?
33
Let l be ((-6)/(-21) + (-36)/28)*-59. Suppose 0 = -5*q + l - 24. Suppose 3*v - 59 = -2*t, 97 = 2*v + 3*v + 4*t. Calculate the greatest common factor of v and q.
7
Suppose -v + 19 = 3*g, -2*g + 2*v + 7 = -11. Suppose 4*m = 16, 0 = 4*c + m + g - 43. What is the highest common factor of c and 56?
8
Let u be (14 - 14)/((-1)/1). Suppose 0 = 2*o, c + 115 = -u*c + 3*o. Let p be (c/(-15) - 3)*3. Calculate the greatest common divisor of p and 98.
14
Let p(g) = g**2 + 8*g + 4. Let a be p(-8). Suppose -a*o = 53 - 21. Let h be (-3)/6*o + 0. What is the greatest common factor of h and 10?
2
Let x be (-10)/70 + (-72)/(-14). Suppose -2*z = -x*z + 15. Suppose -z*n = 0, -4*n - 56 = -4*t - 8. What is the greatest common divisor of 60 and t?
12
Suppose -1 + 0 = -y. Let o be (1/2)/((9/(-63))/(8/(-14))). Calculate the greatest common divisor of o and y.
1
Suppose -387 = -35*h + 278. Calculate the highest common factor of h and 2432.
19
Let f be (0 - 10)/((-2)/8). Let v(k) = -3*k**3 - 5*k**2 - 3*k. Let p be v(-3). Suppose 0 = 2*o + 5 - p. Calculate the greatest common divisor of o and f.
20
Let v = 11 - 1. Let j be v/55 - 1483/(-11). Suppose -6 - 54 = -4*q. What is the highest common divisor of j and q?
15
Let d(u) = 2*u**3 - 15*u**2 + 22*u - 9. Let r be d(6). Calculate the greatest common divisor of 35 and r.
5
Let d = 14 - 14. Let n(f) = -4 + d*f**3 + 3 + 0 + f**3. Let t be n(3). Calculate the greatest common divisor of t and 39.
13
Suppose -15 = -11*k + 8*k. Suppose -2*g + k = 13. Let m = 15 + g. What is the highest common factor of m and 33?
11
Let k(u) = -u**3 - 11*u**2 + 12*u - 4. Let s be k(-12). Let h be 0 + s*(-9)/12. What is the highest common factor of 33 and h?
3
Let g = 149 + -62. Suppose 3*x + g = -63. Let f = -26 - x. What is the highest common factor of 24 and f?
24
Suppose 14 = 5*q + 9. Let o be (-29)/(-3) + ((-14)/(-6) - 3). What is the greatest common divisor of q and o?
1
Let a = 129 - 210. Let x be 18/a - (-83)/9. Let p be (-610)/(-15) - (-3)/x. What is the greatest common factor of p and 123?
41
Suppose 3*z - 32 = l, l = 6*l - z + 90. Suppose -4*d - 2*c - 28 = 0, 0*d + 14 = -d + 3*c. Let h = d - l. Calculate the greatest common factor of h and 99.
9
Let r be (18/4)/(6/60). Let y(a) = -17*a**3 + a**2. Let c be y(-1). What is the greatest common factor of r and c?
9
Let b(q) = 3*q**2 - 14*q + 49. Let h be b(7). Calculate the highest common divisor of 147 and h.
49
Suppose 79 = -6*p + 103. What is the highest common factor of 4 and p?
4
Suppose -h - 5*l + 58 = 0, 3*l - 2 = -5. What is the highest common divisor of h and 91?
7
Let n(i) = -i**2 - 4*i + 2. Let o be n(-5). Let x = 24 - o. Calculate the greatest common factor of x and 9.
9
Let g = 8 - 6. Let y = 7 - 5. Let h be y/(-2) + 66/6. Calculate the greatest common divisor of h and g.
2
Let z(t) = 4 + t - 5 - 7 + t**2. Let o be z(-4). Suppose -o*y - y = -45. What is the highest common factor of y and 99?
9
Let a(z) = 5*z + 105. Let k be a(-9). What is the highest common divisor of 660 and k?
60
Let h = 113 + -89. Calculate the greatest common divisor of 3 and h.
3
Suppose q + 51 = 2*q. Let i = q - 27. Let h = i - 3. Calculate the highest common factor of 168 and h.
21
Suppose o + 3*o = 0. Suppose o = -3*g + 5*g + 52. Let h = g + 42. Calculate the greatest common factor of h and 32.
16
Let t(l) = -l + 15. Let z be t(12). Let n = 15 - z. What is the highest common divisor of n and 108?
12
Suppose -2*w = -4*w + 26. Suppose 4*d - 3*k - 16 = 0, -3*d - w = 2*k + 2*k. What is the greatest common divisor of 8 and d?
1
Let d = 24 - -28. Suppose -3*z + 8 = z. Suppose -z*s + 31 = 5. Calculate the greatest common factor of d and s.
13
Suppose -3 = 3*l, 4*f - 1230 = -2*l - 280. What is the highest common divisor of 1547 and f?
119
Let g(x) = x**2 - 7. Let p be g(7). Suppose p + 210 = 6*k. Calculate the greatest common divisor of 168 and k.
42
Let f be -3 + 3 + 55 - (-6)/6. Calculate the greatest common factor of 8 and f.
8
Suppose -2*t = -4*l + 34, -5*l = -5*t + t - 35. Let x be -75 + 377 + (5 - -1). What is the greatest common factor of x and l?
11
Suppose -2*a = i - 67, -4*i - 3*a = -2*i - 135. What is the highest common factor of 23 and i?
23
Let z be (-4)/14 - 1460/(-14). Suppose 3*y + 39 = -n + 114, -3*y = 4*n - 66. What is the highest common factor of z and y?
26
Let q be (-44)/22 + (240 - 0). What is the highest common divisor of q and 204?
34
Suppose 12 = 4*m - l - 40, -3*l - 26 = -2*m. Let a be ((-65)/(-10))/((-1)/(-18)). Calculate the highest common factor of a and m.
13
Let l = -391 + 446. What is the highest common factor of 55 and l?
55
Suppose -2*w = -3*u + 17, 11 = 4*u - 9*w + 4*w. Let r = -67 - -61. Let p be 4/r + (-137)/(-3). Calculate the highest common divisor of u and p.
9
Suppose 0 = -b - 2 - 1. Let o be 115/(b + (-3 - -7)). Suppose 3*n - 4*n = -o. Calculate the highest common factor of n and 23.
23
Suppose -10*u = 25 - 355. Calculate the highest common divisor of 44 and u.
11
Let s(p) = p**3 + p - 2. Let v be s(2). Let c(h) = h - 5. Let u be c(9). Let q be (1/u)/(2/v). Calculate the greatest common factor of 4 and q.
1
Suppose 3*w - 523 = -k, 4*k = -3*w + 397 + 120. Calculate the highest common factor of 28 and w.
7
Suppose m = -3*l + 124, -2*m = -0 - 8. Calculate the highest common factor of l and 60.
20
Let j(k) = -5*k + 213. Let r be j(40). What is the highest common factor of r and 247?
13
Let k(u) = -7*u**2 + 10*u - 1. Let b be k(1). What is the greatest common divisor of 22 and b?
2
Let u be -2*29/(-6) + 2/6. Let j(q) = 3*q**2 - 17*q - 10. Let h be j(u). What is the greatest common factor of 20 and h?
20
Let i(n) = 2*n - 17. Let o be i(11). Suppose c + 14 = 3*h - 8, 5*h - o*c = 40. Calculate the highest common divisor of 1 and h.
1
Let h be 72504/63 + 1/7. Suppose -h - 49 = -5*q. What is the highest common factor of q and 30?
30
Let s be 6/(-15) - -4*54/15. Calculate the highest common factor of s and 14.
14
Let a(x) = 3*x. Let q be a(1). Suppose 0 = -q*p - 5*d + 79, 3*d - 6 = -0. Let r(h) = 28*h + 1. Let g be r(9). Calculate the greatest common divisor of p and g.
23
Suppose -182*w - 219 = -183*w + 3*u, 5*w - 5*u - 1125 = 0. Calculate the highest common divisor of 12 and w.
12
Let p(s) = -s**2 + s + 6. Let y be p(0). Suppose y*j = j + 55. Let a(l) = -25*l - 1. Let v be a(-4). What is the greatest common factor of j and v?
11
Suppose -2*m + 70 = 3*b - 0*m, -16 = 4*m. Let c = 118 - 114. Suppose z + c - b = 0. Calculate the greatest common divisor of z and 220.
22
Suppose 6*s = 2*s + 3*u - 112, 56 = -2*s - 4*u. Let b = s + 40. Suppose 9 = 4*o - 23. Calculate the greatest common factor of b and o.
4
Let o(g) = 21*g + 3 - g + 9*g. Let r = 145 - 142. Let a be o(r). Calculate the greatest common divisor of 10 and a.
10
Let q = 0 - -9. Let c = 3553 + -3550. What is the greatest common divisor of q and c?
3
Let w = 15 - 5. Suppose 180 = 15*r - 6*r. Calculate the greatest common factor of r and w.
